*i - 6. Suppose 2*s - 9 = 3. Let w be h(s). What is the remainder when w*(-26)/6*-3 is divided by 20?
18
Suppose -1160 + 4631 = 89*v. Let a(z) = z**3 + 5*z**2 - 8*z - 6. What is the remainder when v is divided by a(-6)?
3
Let c(y) = 6*y**3 - 4*y + 1. Let i be c(2). Suppose -4*o + i = 3*w - 61, 4*o = 0. What is the remainder when 135 is divided by w?
33
Let h be 12/9 + 2/3. Let m = h + 5. Suppose 0 = 8*i - m*i - 14. What is the remainder when 24 is divided by i?
10
Suppose -265 = -3*c - n - 21, c - 78 = -2*n. Let r = c - 27. Suppose -r = -3*w - 5*s, 5*w - 79 = -2*s - 0*s. Calculate the remainder when w is divided by 9.
6
Let h be 4/(-22) + (-654)/33. Let s(g) = g**2 + 37*g + 15 - 8*g + 0 - 9*g. What is the remainder when 58 is divided by s(h)?
13
Let p(v) = v**2 - 10*v + 3. Suppose n + 1 = 0, f - 2*n + n = 2. Let j = f - -3. What is the remainder when p(11) is divided by j?
2
Suppose -p + 2*p + 4*t - 539 = 0, 4*p - t - 2156 = 0. What is the remainder when p is divided by 16?
11
Let m(t) = -t**2 + 7*t + 7*t**2 + t**3 + 2*t**2 + 10 - 2*t**2. What is the remainder when 137 is divided by m(-4)?
11
Let j(h) = 21*h**2 - 15*h - 3. Calculate the remainder when j(-5) is divided by 26.
25
Suppose 5*b = -13*y + 11*y + 1524, 0 = -4*y - 12. Calculate the remainder when b is divided by 98.
12
Let p = 259 + -119. Suppose a + 8 = 4*z - 2, -4*z = 2*a - 28. Suppose v = a*v - p. Calculate the remainder when v is divided by 15.
13
Suppose 2*o - b - 5 = 0, 4*o + b = -b - 2. Calculate the remainder when 79 is divided by (o/(-3))/((-15)/1215).
25
Let j(r) = r - 2. Let q be j(5). Suppose q*d + 10 = -17. What is the remainder when 25 is divided by 63/(-6)*6/d?
4
Let o(p) = -7*p - 65. Calculate the remainder when 56 is divided by o(-12).
18
Let v(n) = -n**3 + 24*n**2 + 78*n + 99. Let p = 239 + -171. What is the remainder when p is divided by v(27)?
14
Suppose 3*g + 3*d - 132 = 0, 0*d = 5*g + 2*d - 211. What is the remainder when (-164 - -2)*(-4)/8 is divided by g?
40
Suppose -9*g + 62 = -190. What is the remainder when 107 is divided by g?
23
Let p(s) = s**3 - 4*s**2 + 3*s + 1. Let g be p(3). Suppose 2*v = 13 - g. Let i(f) = 2*f**2 - 12*f + 10. What is the remainder when i(6) is divided by v?
4
Let y = -116 + 125. Let m(a) = 6*a - 6. Let d(u) = 3*u - 1. Let f be d(2). Calculate the remainder when m(f) is divided by y.
6
Suppose -5*z - 4*w = -0*z + 68, 10 = -5*w. Let t = 19 + z. What is the remainder when t is divided by 2?
1
Let j = 56 + -54. Suppose -a - 2*p = -15, -2*a + 3*p + p - j = 0. Let g(t) = -3*t - 1. What is the remainder when a is divided by g(-2)?
2
Suppose -3*b + 3*x + 121 = -176, 20 = 5*x. Calculate the remainder when b is divided by 38.
27
Suppose -2*u + 2 = -3*j - 1, 2*u + 5*j - 11 = 0. Let s(p) = p**2 + 20*p + 113. What is the remainder when s(-8) is divided by u?
2
Suppose -25 + 5 = -5*q. Suppose -5*x + 6 = -39. Suppose -78 = -22*a + x*a. What is the remainder when a is divided by q?
2
Let t(f) = -12*f - 19. Let r be t(-5). Suppose -1 = -v, 0*v + r = 2*a - v. Calculate the remainder when a is divided by 13.
8
Calculate the remainder when 169 - -1*(3 - -5) is divided by 23.
16
Suppose 0 = -3*z - 12, -5*z - 71 = -2*i - i. Suppose 7*r - 222 = r. Suppose -4*s + 124 = 3*n, 25 = 2*s - 4*n - r. What is the remainder when s is divided by i?
14
Calculate the remainder when ((-10)/(-15)*-18 + 5)*-14 is divided by 70.
28
Let u = 2522 - 1788. Calculate the remainder when u is divided by 11.
8
Suppose -5*y = -4*w - 81 + 25, 3*y - 4*w - 40 = 0. Let g(u) = 15 + 12*u**2 + 6*u**3 - 17*u**2 - 8*u - 5*u**3. What is the remainder when y is divided by g(6)?
2
Suppose 0 = -7*a + 3*a. What is the remainder when (a - -22) + 0/2 is divided by 7?
1
Suppose 15 = 4*l + 3. Suppose -l*i - i + 20 = 0. Suppose 18 = 5*h - 3*h. Calculate the remainder when h is divided by i.
4
Suppose 433 = 16*x - 431. What is the remainder when x is divided by 29?
25
Let m(g) = 6*g**2 - 5*g + 4. Calculate the remainder when 30 is divided by m(2).
12
Let x(m) = -2*m**3 + 37*m**2 + 22*m - 39. What is the remainder when 194 is divided by x(19)?
14
Let g(t) = -t. Suppose 3*c - 6 = 5*y, 4*y + 21 = -0*c - 3*c. Let j be g(y). What is the remainder when 75 is divided by (19/j)/((-4)/(-12))?
18
Let h(r) = r**3 + 6*r**2 + 6*r + 6. Let b be h(-5). Suppose 2*p - 21 = b. What is the remainder when 32 is divided by p?
10
Let u(k) = k + 2. Let n(l) = -l**3 + 6*l**2 + 9*l - 15. Calculate the remainder when n(6) is divided by u(6).
7
Let c(x) = 2*x**2 + 13*x + 77. Calculate the remainder when c(-9) is divided by 7.
3
Let s(g) = g**2 + 7*g + 8. Let v be s(-6). Suppose 0*u = r + 5*u, 5*u - 15 = v*r. Let d(n) = 2*n**2 + 5*n - 4. What is the remainder when 39 is divided by d(r)?
18
Let h be (-297)/6*6/(-9). Suppose 0*i + i - h = 0. Calculate the remainder when 130 is divided by i.
31
Let k(p) = 4*p - 32. Let n be k(-12). Let y = -69 - n. Calculate the remainder when y is divided by 4.
3
Let q(s) = -12*s**3 + 2*s**2 + 2*s - 2. Suppose -2*j - 5*d = -22, -d - 149 + 13 = -5*j. Calculate the remainder when q(-2) is divided by j.
20
Let t be -3*((-8)/(-12) - -2). Let k(z) = -z**2 - 13*z - 28. Calculate the remainder when 54 is divided by k(t).
6
Suppose 53 = -3*h - 1. Let i = 9 + h. Let n = 15 + i. Calculate the remainder when 22 is divided by n.
4
Let f(s) = 9*s**2 + 10*s + 7. Calculate the remainder when f(-4) is divided by 57.
54
Let b(s) = s - 15. Let n be b(0). Let h = 1709 - 1674. Calculate the remainder when h is divided by -2 + n/(-2 - -1).
9
Let g = -331 + 401. Calculate the remainder when g is divided by 38.
32
Let j(r) = -3*r**3 - 4*r**2 - 4*r - 2. Suppose 2*c = -3*s + 23, 6*s + c = 8*s - 6. What is the remainder when j(-2) is divided by s?
4
Suppose -4*v + 56 = -3*i, 2*v = i + 2*i + 46. Let c = -15 - i. Calculate the remainder when 11 is divided by (0 - 1)/(c/12).
3
Calculate the remainder when 61 + (6 + -6)/(-1 - 1) is divided by 16.
13
Suppose 5*q = -3*h + 10, -2*h + 8 - 3 = 3*q. Let n = 459 - 443. What is the remainder when n is divided by q?
1
Suppose n + 0*q + 7 = -2*q, 21 = n - 5*q. Let l(h) = 2*h + 1. Let m be l(5). Let f = m - n. Calculate the remainder when f is divided by 7.
3
Suppose 5*b = -l + 30, -10 - 8 = -3*b + 5*l. Let n(p) = -p - 12. Let q be n(0). Let u = 10 - q. What is the remainder when u is divided by b?
4
Suppose -g + 3*l = -16, 0 = -2*g + l - 2*l + 4. Let u = g + -13. Calculate the remainder when -3 + 3 - u/3 is divided by 2.
1
Suppose -2 = -y + 4*t + 2, -6 = -3*t. Let u be 2 + (2/(-2) - -1). Suppose 12 - 106 = -u*m. What is the remainder when m is divided by y?
11
Let r = 9 - 5. Suppose -9 = -4*y - 5*g, 0*y = y - g. Let i(s) = 7*s + 10. Calculate the remainder when i(y) is divided by r.
1
Suppose -61*y = -56*y - 610. Calculate the remainder when y is divided by 22.
12
Let k(o) = o**2 - 2*o - 6. Let a be k(-4). Suppose -a*z + 19*z - 4 = 0. Calculate the remainder when -1 + 0 + -1 + 16 is divided by z.
2
Let b(y) = 6*y**2 + 28*y - 4. What is the remainder when b(-19) is divided by 102?
100
Suppose -4*w = -4*b - 408, 179 = 5*w + 2*b - 352. Let d = w + -52. Calculate the remainder when d is divided by 14.
11
Let g be (-135)/(-30) + (-2)/(-4). Calculate the remainder when (168/(-15))/((-1)/g) is divided by 19.
18
Let a = 20 + 112. Suppose h + a = 13*h. Calculate the remainder when 43 is divided by h.
10
Calculate the remainder when 5 is divided by ((-82)/451)/(2/(-22)).
1
Let y = 1147 + -1114. What is the remainder when 156 is divided by y?
24
Let s be -9 + 11 + 0/(-1). Suppose -5*m = -2*n + 26, 0*n + 4*n = s*m + 84. Calculate the remainder when 114 is divided by n.
22
Let r = 155 - 90. Let v = r - 57. Calculate the remainder when 38 is divided by v.
6
Let k = 13 - 22. Let c be 3 + 12/k*3. Calculate the remainder when 29 is divided by (8/(-5))/(c/5).
5
Suppose 2*o = -o + 372. Suppose 7*c - 3*c + 4*r - o = 0, -c - 5*r + 47 = 0. What is the remainder when c is divided by 7?
6
Let h = -108 + 117. Suppose -118 = -4*s - 2*r, -3*r + 30 = 2*s - 27. What is the remainder when s is divided by h?
3
What is the remainder when 164 is divided by (-9)/2*(-70)/21?
14
Suppose 170*b - 177*b + 462 = 0. What is the remainder when b is divided by 12?
6
Let s(h) = h**3 - 4*h**2 - h - 15. What is the remainder wh